{"id":46430,"date":"2026-04-21T00:32:45","date_gmt":"2026-04-21T00:32:45","guid":{"rendered":"https:\/\/singuli.wpress.me\/index.php\/proizvod\/tmnt-pizza-kombi\/"},"modified":"2026-04-21T00:32:45","modified_gmt":"2026-04-21T00:32:45","slug":"tmnt-pizza-kombi","status":"publish","type":"product","link":"https:\/\/singuli.wpress.me\/index.php\/proizvod\/tmnt-pizza-kombi\/","title":{"rendered":"TMNT, pizza kombi"},"content":{"rendered":"<p>Kada Super Fly i njegovi miljenici negativci uzrokuju kaos i poku\u0161aju preuzeti grad, Kornja\u010de iznose najdra\u017eu &quot;igra\u010dku&quot; Pizza Kombi! Kombi se otvara sprijeda, ali se otvara i straga sa sobama za sve Kornja\u010de, \u010dak i za Splintera. Prava bitka tek po\u010dinje kada pritisnite kri\u0161ku pizze na vrhu, otvaraju se bo\u010dna vrata, ako pritisnite opet, baca\u010d pizze izlazi van sa strane. Bilo koja od \u010detiri Kornja\u010de mo\u017ee sjediti na vru\u0107em sjedalu i pritiskom na gumb ispaliti do 8 pizza pita iz baca\u010da. Baca\u010d je podesiv tako da mo\u017eete pogoditi negativce izbliza i izdaleka.  Zabava zagarantirana uz PIzza kombi.<\/p>\n<p>Dob: 4+<\/p>\n","protected":false},"excerpt":{"rendered":"<p>Igra\u010dka dolazi u vi\u0161e razli\u010ditih modela<br \/>\nBoje i dekoracije mogu se razlikovati<br \/>\nDob: 4+<\/p>\n","protected":false},"featured_media":46431,"template":"","meta":{"_seopress_robots_primary_cat":"","_seopress_titles_title":"","_seopress_titles_desc":"","_seopress_robots_index":"","iawp_total_views":0},"product_brand":[915],"product_cat":[221,263],"product_tag":[],"class_list":{"0":"post-46430","1":"product","2":"type-product","3":"status-publish","4":"has-post-thumbnail","6":"product_brand-tmnt","7":"product_cat-igracke","8":"product_cat-tematske-igracke-221","10":"first","11":"instock","12":"shipping-taxable","13":"purchasable","14":"product-type-simple"},"_links":{"self":[{"href":"https:\/\/singuli.wpress.me\/index.php\/wp-json\/wp\/v2\/product\/46430","targetHints":{"allow":["GET"]}}],"collection":[{"href":"https:\/\/singuli.wpress.me\/index.php\/wp-json\/wp\/v2\/product"}],"about":[{"href":"https:\/\/singuli.wpress.me\/index.php\/wp-json\/wp\/v2\/types\/product"}],"version-history":[{"count":0,"href":"https:\/\/singuli.wpress.me\/index.php\/wp-json\/wp\/v2\/product\/46430\/revisions"}],"wp:featuredmedia":[{"embeddable":true,"href":"https:\/\/singuli.wpress.me\/index.php\/wp-json\/wp\/v2\/media\/46431"}],"wp:attachment":[{"href":"https:\/\/singuli.wpress.me\/index.php\/wp-json\/wp\/v2\/media?parent=46430"}],"wp:term":[{"taxonomy":"product_brand","embeddable":true,"href":"https:\/\/singuli.wpress.me\/index.php\/wp-json\/wp\/v2\/product_brand?post=46430"},{"taxonomy":"product_cat","embeddable":true,"href":"https:\/\/singuli.wpress.me\/index.php\/wp-json\/wp\/v2\/product_cat?post=46430"},{"taxonomy":"product_tag","embeddable":true,"href":"https:\/\/singuli.wpress.me\/index.php\/wp-json\/wp\/v2\/product_tag?post=46430"}],"curies":[{"name":"wp","href":"https:\/\/api.w.org\/{rel}","templated":true}]}}