{"id":46436,"date":"2026-04-21T00:32:49","date_gmt":"2026-04-21T00:32:49","guid":{"rendered":"https:\/\/singuli.wpress.me\/index.php\/proizvod\/tuban-tekucina-za-mjehurice-koncentrat-1-l\/"},"modified":"2026-04-21T00:32:49","modified_gmt":"2026-04-21T00:32:49","slug":"tuban-tekucina-za-mjehurice-koncentrat-1-l","status":"publish","type":"product","link":"https:\/\/singuli.wpress.me\/index.php\/proizvod\/tuban-tekucina-za-mjehurice-koncentrat-1-l\/","title":{"rendered":"TUBAN, teku\u0107ina za mjehuri\u0107e, koncentrat, 1\u00a0l"},"content":{"rendered":"<p><span style=\"font-weight: bold\">Tuban koncentrat teku\u0107ine<\/span> za sapunaste mjehuri\u0107e, 1 l.<\/p>\n","protected":false},"excerpt":{"rendered":"<p>Sigurna za dje\u010dju ko\u017eu i lice, idealna za vanjsku igru<br \/>\ntvara vi\u0161e mjehuri\u0107a s manjom koli\u010dinom teku\u0107ine<br \/>\nDob: 3+ god<\/p>\n","protected":false},"featured_media":46437,"template":"","meta":{"_seopress_robots_primary_cat":"","_seopress_titles_title":"","_seopress_titles_desc":"","_seopress_robots_index":"","iawp_total_views":0},"product_brand":[492],"product_cat":[274,238],"product_tag":[],"class_list":{"0":"post-46436","1":"product","2":"type-product","3":"status-publish","4":"has-post-thumbnail","6":"product_brand-tuban","7":"product_cat-kucanski-pribor-238","8":"product_cat-sve-za-dom","10":"first","11":"outofstock","12":"shipping-taxable","13":"purchasable","14":"product-type-simple"},"_links":{"self":[{"href":"https:\/\/singuli.wpress.me\/index.php\/wp-json\/wp\/v2\/product\/46436","targetHints":{"allow":["GET"]}}],"collection":[{"href":"https:\/\/singuli.wpress.me\/index.php\/wp-json\/wp\/v2\/product"}],"about":[{"href":"https:\/\/singuli.wpress.me\/index.php\/wp-json\/wp\/v2\/types\/product"}],"version-history":[{"count":0,"href":"https:\/\/singuli.wpress.me\/index.php\/wp-json\/wp\/v2\/product\/46436\/revisions"}],"wp:featuredmedia":[{"embeddable":true,"href":"https:\/\/singuli.wpress.me\/index.php\/wp-json\/wp\/v2\/media\/46437"}],"wp:attachment":[{"href":"https:\/\/singuli.wpress.me\/index.php\/wp-json\/wp\/v2\/media?parent=46436"}],"wp:term":[{"taxonomy":"product_brand","embeddable":true,"href":"https:\/\/singuli.wpress.me\/index.php\/wp-json\/wp\/v2\/product_brand?post=46436"},{"taxonomy":"product_cat","embeddable":true,"href":"https:\/\/singuli.wpress.me\/index.php\/wp-json\/wp\/v2\/product_cat?post=46436"},{"taxonomy":"product_tag","embeddable":true,"href":"https:\/\/singuli.wpress.me\/index.php\/wp-json\/wp\/v2\/product_tag?post=46436"}],"curies":[{"name":"wp","href":"https:\/\/api.w.org\/{rel}","templated":true}]}}