{"id":46457,"date":"2026-04-21T00:32:58","date_gmt":"2026-04-21T00:32:58","guid":{"rendered":"https:\/\/singuli.wpress.me\/index.php\/proizvod\/gillette-king-c-zamjenske-ostrice-double-edge-10-kom\/"},"modified":"2026-04-21T00:32:58","modified_gmt":"2026-04-21T00:32:58","slug":"gillette-king-c-zamjenske-ostrice-double-edge-10-kom","status":"publish","type":"product","link":"https:\/\/singuli.wpress.me\/index.php\/proizvod\/gillette-king-c-zamjenske-ostrice-double-edge-10-kom\/","title":{"rendered":"GILLETTE King C., zamjenske o\u0161trice, double edge , 10\u00a0kom"},"content":{"rendered":"<p>Slave\u0107i 120 godina stru\u010dnosti i inovacija u brijanju, Gillette vam predstavlja liniju nazvanu po osniva\u010du tvrtke: King C. Gillette. Double Edge dugotrajni \u017eileti od nehr\u0111aju\u0107eg \u010delika presvu\u010denog platinom nova su izvedba provjerenog klasika. King C. Gillette Double Edge \u017eileti izvrsni su ne samo za brijanje, ve\u0107 i za oblikovanje brkova, zalizaka i brade te izradu preciznih linija. Koristite ih s posebnom dr\u0161kom za ovaj tip o\u0161trica. U ovom paketu dobivate 10 \u017eileta.<\/p>\n","protected":false},"excerpt":{"rendered":"<p>za brijanje i za ure\u0111ivanje brade, brkova i zalizaka<br \/>\ndugotrajne o\u0161trice od nehr\u0111aju\u0107eg \u010delika<br \/>\npresvu\u010dene platinom<\/p>\n","protected":false},"featured_media":46458,"template":"","meta":{"_seopress_robots_primary_cat":"","_seopress_titles_title":"","_seopress_titles_desc":"","_seopress_robots_index":"","iawp_total_views":0},"product_brand":[323],"product_cat":[280,192,279],"product_tag":[],"class_list":{"0":"post-46457","1":"product","2":"type-product","3":"status-publish","4":"has-post-thumbnail","6":"product_brand-gillette","7":"product_cat-aparati-za-muskarce-279","8":"product_cat-aparati-za-osobnu-njegu","9":"product_cat-brijanje-i-sisanje-192","11":"first","12":"outofstock","13":"shipping-taxable","14":"purchasable","15":"product-type-simple"},"_links":{"self":[{"href":"https:\/\/singuli.wpress.me\/index.php\/wp-json\/wp\/v2\/product\/46457","targetHints":{"allow":["GET"]}}],"collection":[{"href":"https:\/\/singuli.wpress.me\/index.php\/wp-json\/wp\/v2\/product"}],"about":[{"href":"https:\/\/singuli.wpress.me\/index.php\/wp-json\/wp\/v2\/types\/product"}],"version-history":[{"count":0,"href":"https:\/\/singuli.wpress.me\/index.php\/wp-json\/wp\/v2\/product\/46457\/revisions"}],"wp:featuredmedia":[{"embeddable":true,"href":"https:\/\/singuli.wpress.me\/index.php\/wp-json\/wp\/v2\/media\/46458"}],"wp:attachment":[{"href":"https:\/\/singuli.wpress.me\/index.php\/wp-json\/wp\/v2\/media?parent=46457"}],"wp:term":[{"taxonomy":"product_brand","embeddable":true,"href":"https:\/\/singuli.wpress.me\/index.php\/wp-json\/wp\/v2\/product_brand?post=46457"},{"taxonomy":"product_cat","embeddable":true,"href":"https:\/\/singuli.wpress.me\/index.php\/wp-json\/wp\/v2\/product_cat?post=46457"},{"taxonomy":"product_tag","embeddable":true,"href":"https:\/\/singuli.wpress.me\/index.php\/wp-json\/wp\/v2\/product_tag?post=46457"}],"curies":[{"name":"wp","href":"https:\/\/api.w.org\/{rel}","templated":true}]}}