{"id":46518,"date":"2026-04-21T00:33:32","date_gmt":"2026-04-21T00:33:32","guid":{"rendered":"https:\/\/singuli.wpress.me\/index.php\/proizvod\/barbie-barbie-kuca-igracka\/"},"modified":"2026-04-21T00:33:32","modified_gmt":"2026-04-21T00:33:32","slug":"barbie-barbie-kuca-igracka","status":"publish","type":"product","link":"https:\/\/singuli.wpress.me\/index.php\/proizvod\/barbie-barbie-kuca-igracka\/","title":{"rendered":"BARBIE Barbie ku\u0107a, igra\u010dka"},"content":{"rendered":"<p>Ma\u0161ta je pozvana da se preseli ravno u ovu Barbie\u00ae ku\u0107icu za lutke koja nudi igru od 360 stupnjeva, dvije pri\u010de, \u010detiri igrali\u0161ta i mno\u0161tvo komada za pripovijedanje! Ova potpuno opremljena Barbie\u00ae ku\u0107a ima moderan dizajn s prepoznatljivim Barbie\u00ae stilom i sve \u0161to je djeci potrebno za igranje njihovih pri\u010da, uklju\u010duju\u0107i preslatkog psi\u0107a! Do\u010dekajte prijatelje na ulaznim vratima, kuhajte zabavu u kuhinji i poslu\u017eite za blagovaonskim stolom za dvoje. Nakon dana igre, djeca mogu spremiti lutku Barbie\u00ae (prodaje se zasebno) u krevet na potkrovlju za udoban san. Zabavni namje\u0161taj i dodaci inspiriraju beskrajno pripovijedanje, a kada igra zavr\u0161i, cijeli set se sklapa za jednostavno \u010di\u0161\u0107enje i zabavu u pokretu. Uz toliko komada i mogu\u0107nosti za pri\u010danje pri\u010da, ova Barbie\u00ae ku\u0107ica izvrstan je dar za djecu od 3 do 7 godina. Lutke nisu uklju\u010dene. Boje i ukrasi mogu se razlikovati.<\/p>\n","protected":false},"excerpt":{"rendered":"<p>Igra od 360 stupnjeva<br \/>\nLutke nisu uklju\u010dene<br \/>\nSet se sklapa<\/p>\n","protected":false},"featured_media":46519,"template":"","meta":{"_seopress_robots_primary_cat":"","_seopress_titles_title":"","_seopress_titles_desc":"","_seopress_robots_index":"","iawp_total_views":0},"product_brand":[324],"product_cat":[274,238],"product_tag":[],"class_list":{"0":"post-46518","1":"product","2":"type-product","3":"status-publish","4":"has-post-thumbnail","6":"product_brand-barbie","7":"product_cat-kucanski-pribor-238","8":"product_cat-sve-za-dom","10":"first","11":"outofstock","12":"shipping-taxable","13":"purchasable","14":"product-type-simple"},"_links":{"self":[{"href":"https:\/\/singuli.wpress.me\/index.php\/wp-json\/wp\/v2\/product\/46518","targetHints":{"allow":["GET"]}}],"collection":[{"href":"https:\/\/singuli.wpress.me\/index.php\/wp-json\/wp\/v2\/product"}],"about":[{"href":"https:\/\/singuli.wpress.me\/index.php\/wp-json\/wp\/v2\/types\/product"}],"version-history":[{"count":0,"href":"https:\/\/singuli.wpress.me\/index.php\/wp-json\/wp\/v2\/product\/46518\/revisions"}],"wp:featuredmedia":[{"embeddable":true,"href":"https:\/\/singuli.wpress.me\/index.php\/wp-json\/wp\/v2\/media\/46519"}],"wp:attachment":[{"href":"https:\/\/singuli.wpress.me\/index.php\/wp-json\/wp\/v2\/media?parent=46518"}],"wp:term":[{"taxonomy":"product_brand","embeddable":true,"href":"https:\/\/singuli.wpress.me\/index.php\/wp-json\/wp\/v2\/product_brand?post=46518"},{"taxonomy":"product_cat","embeddable":true,"href":"https:\/\/singuli.wpress.me\/index.php\/wp-json\/wp\/v2\/product_cat?post=46518"},{"taxonomy":"product_tag","embeddable":true,"href":"https:\/\/singuli.wpress.me\/index.php\/wp-json\/wp\/v2\/product_tag?post=46518"}],"curies":[{"name":"wp","href":"https:\/\/api.w.org\/{rel}","templated":true}]}}