{"id":46524,"date":"2026-04-21T00:33:36","date_gmt":"2026-04-21T00:33:36","guid":{"rendered":"https:\/\/singuli.wpress.me\/index.php\/proizvod\/becutan-bademova-krema-100-ml\/"},"modified":"2026-04-21T00:33:36","modified_gmt":"2026-04-21T00:33:36","slug":"becutan-bademova-krema-100-ml","status":"publish","type":"product","link":"https:\/\/singuli.wpress.me\/index.php\/proizvod\/becutan-bademova-krema-100-ml\/","title":{"rendered":"BECUTAN, bademova krema, 100\u00a0ml"},"content":{"rendered":"<p>Becutan dje\u010dja bademova krema namijenjena je svakodnevnoj njezi bebine i dje\u010dje ko\u017ee, a glavni joj je sastojak bademovo ulje bogato vitaminima \u0410, \u0415 i D. Poma\u017ee u odr\u017eavanju normalne vla\u017enosti ko\u017ee, istodobno smanjuju\u0107i crvenilo ko\u017ee i ja\u010daju\u0107i njezinu otpornost prema vanjskim utjecajima. Becutan dje\u010dja bademova krema sadr\u017ei i cinkov oksid koji stvara tanak za\u0161titni sloj koji povr\u0161inu ko\u017ee odr\u017eava suhom. Ne sadr\u017ei parabene.<\/p>\n","protected":false},"excerpt":{"rendered":"<p>Bogata vitaminima A, E i D koji dubinski hrane ko\u017eu i odr\u017eavaju njezinu prirodnu vla\u017enost<br \/>\nStvara tanki za\u0161titni sloj koji ko\u017eu odr\u017eava suhom i \u0161titi je od vanjskih utjecaja<br \/>\nU\u010dinkovito smanjuje iritacije i ja\u010da otpornost osjetljive bebine ko\u017ee bez upotrebe parabena<\/p>\n","protected":false},"featured_media":46525,"template":"","meta":{"_seopress_robots_primary_cat":"","_seopress_titles_title":"","_seopress_titles_desc":"","_seopress_robots_index":"","iawp_total_views":0},"product_brand":[803],"product_cat":[268,278],"product_tag":[],"class_list":{"0":"post-46524","1":"product","2":"type-product","3":"status-publish","4":"has-post-thumbnail","6":"product_brand-becutan","7":"product_cat-kozmetika-2","8":"product_cat-njega-tijela-268","10":"first","11":"instock","12":"shipping-taxable","13":"purchasable","14":"product-type-simple"},"_links":{"self":[{"href":"https:\/\/singuli.wpress.me\/index.php\/wp-json\/wp\/v2\/product\/46524","targetHints":{"allow":["GET"]}}],"collection":[{"href":"https:\/\/singuli.wpress.me\/index.php\/wp-json\/wp\/v2\/product"}],"about":[{"href":"https:\/\/singuli.wpress.me\/index.php\/wp-json\/wp\/v2\/types\/product"}],"version-history":[{"count":0,"href":"https:\/\/singuli.wpress.me\/index.php\/wp-json\/wp\/v2\/product\/46524\/revisions"}],"wp:featuredmedia":[{"embeddable":true,"href":"https:\/\/singuli.wpress.me\/index.php\/wp-json\/wp\/v2\/media\/46525"}],"wp:attachment":[{"href":"https:\/\/singuli.wpress.me\/index.php\/wp-json\/wp\/v2\/media?parent=46524"}],"wp:term":[{"taxonomy":"product_brand","embeddable":true,"href":"https:\/\/singuli.wpress.me\/index.php\/wp-json\/wp\/v2\/product_brand?post=46524"},{"taxonomy":"product_cat","embeddable":true,"href":"https:\/\/singuli.wpress.me\/index.php\/wp-json\/wp\/v2\/product_cat?post=46524"},{"taxonomy":"product_tag","embeddable":true,"href":"https:\/\/singuli.wpress.me\/index.php\/wp-json\/wp\/v2\/product_tag?post=46524"}],"curies":[{"name":"wp","href":"https:\/\/api.w.org\/{rel}","templated":true}]}}