{"id":46549,"date":"2026-04-21T00:33:47","date_gmt":"2026-04-21T00:33:47","guid":{"rendered":"https:\/\/singuli.wpress.me\/index.php\/proizvod\/tuban-tekucina-za-mjehurice-veliki-mjehurici-5-l\/"},"modified":"2026-04-21T00:33:47","modified_gmt":"2026-04-21T00:33:47","slug":"tuban-tekucina-za-mjehurice-veliki-mjehurici-5-l","status":"publish","type":"product","link":"https:\/\/singuli.wpress.me\/index.php\/proizvod\/tuban-tekucina-za-mjehurice-veliki-mjehurici-5-l\/","title":{"rendered":"TUBAN, teku\u0107ina za mjehuri\u0107e, veliki mjehuri\u0107i , 5\u00a0l"},"content":{"rendered":"<p><span style=\"font-weight: bold\">Tuban Extraordinary Bubble Liquid<\/span> dr\u017ei svjetski rekord za najve\u0107i broj ljudi unutar sapunice \u2013 417 osoba. Otopina je proizvedena u Europi i udovoljava sigurnosnim standardima EU za igra\u010dke. Netoksi\u010dna je i sigurna za dje\u010dju ko\u017eu i lice. Manja koli\u010dina teku\u0107ine stvara vi\u0161e mjehuri\u0107a, omogu\u0107uju\u0107i satima zabave na otvorenom. Prikladna je za \u0161tapi\u0107e, strojeve, puhalice, pi\u0161tolje i kosilice za mjehuri\u0107e. Idealan je izbor za zabave, festivale, kampiranja, ro\u0111endane, vjen\u010danja i \u0161kolske aktivnosti. Posve\u0107eni smo zadovoljstvu kupaca i dostupni za sva pitanja.<br \/>\nOva igra\u010dka nije prikladna za djecu mla\u0111u od 3 godine jer sadr\u017ei sitne dijelove. Preporu\u010dena dob je 3 godine i vi\u0161e.<\/p>\n","protected":false},"excerpt":{"rendered":"<p>Sigurna za dje\u010dju ko\u017eu i lice, idealna za vanjsku igru<br \/>\ntvara vi\u0161e mjehuri\u0107a s manjom koli\u010dinom teku\u0107ine<br \/>\nDob: 3+ god<\/p>\n","protected":false},"featured_media":46550,"template":"","meta":{"_seopress_robots_primary_cat":"","_seopress_titles_title":"","_seopress_titles_desc":"","_seopress_robots_index":"","iawp_total_views":0},"product_brand":[492],"product_cat":[274,238],"product_tag":[],"class_list":{"0":"post-46549","1":"product","2":"type-product","3":"status-publish","4":"has-post-thumbnail","6":"product_brand-tuban","7":"product_cat-kucanski-pribor-238","8":"product_cat-sve-za-dom","10":"first","11":"outofstock","12":"shipping-taxable","13":"purchasable","14":"product-type-simple"},"_links":{"self":[{"href":"https:\/\/singuli.wpress.me\/index.php\/wp-json\/wp\/v2\/product\/46549","targetHints":{"allow":["GET"]}}],"collection":[{"href":"https:\/\/singuli.wpress.me\/index.php\/wp-json\/wp\/v2\/product"}],"about":[{"href":"https:\/\/singuli.wpress.me\/index.php\/wp-json\/wp\/v2\/types\/product"}],"version-history":[{"count":0,"href":"https:\/\/singuli.wpress.me\/index.php\/wp-json\/wp\/v2\/product\/46549\/revisions"}],"wp:featuredmedia":[{"embeddable":true,"href":"https:\/\/singuli.wpress.me\/index.php\/wp-json\/wp\/v2\/media\/46550"}],"wp:attachment":[{"href":"https:\/\/singuli.wpress.me\/index.php\/wp-json\/wp\/v2\/media?parent=46549"}],"wp:term":[{"taxonomy":"product_brand","embeddable":true,"href":"https:\/\/singuli.wpress.me\/index.php\/wp-json\/wp\/v2\/product_brand?post=46549"},{"taxonomy":"product_cat","embeddable":true,"href":"https:\/\/singuli.wpress.me\/index.php\/wp-json\/wp\/v2\/product_cat?post=46549"},{"taxonomy":"product_tag","embeddable":true,"href":"https:\/\/singuli.wpress.me\/index.php\/wp-json\/wp\/v2\/product_tag?post=46549"}],"curies":[{"name":"wp","href":"https:\/\/api.w.org\/{rel}","templated":true}]}}