{"id":46645,"date":"2026-04-21T00:34:34","date_gmt":"2026-04-21T00:34:34","guid":{"rendered":"https:\/\/singuli.wpress.me\/index.php\/proizvod\/baygon-klopka-za-kuhinjske-moljce-3-kom\/"},"modified":"2026-04-21T00:34:34","modified_gmt":"2026-04-21T00:34:34","slug":"baygon-klopka-za-kuhinjske-moljce-3-kom","status":"publish","type":"product","link":"https:\/\/singuli.wpress.me\/index.php\/proizvod\/baygon-klopka-za-kuhinjske-moljce-3-kom\/","title":{"rendered":"BAYGON, klopka za kuhinjske moljce, 3\u00a0kom"},"content":{"rendered":"<p><span style=\"font-weight: bold\">Baygon \u00ae Klopka za kuhinjske moljce<\/span> pru\u017ea efikasnu za\u0161titu od kuhinjskih moljaca koji naj\u010de\u0161\u0107e napadaju suhu hranu (\u017eitarice, bra\u0161no, tjestenine, \u017eitarice\u2026). Ne sadr\u017ei insekticid i miris te djeluje po principu mamca (hormon feromon \u2013 privla\u010di moljce). Klopka djeluje do 8 tjedana.<\/p>\n<p><span style=\"font-weight: bold\">Upute za uporabu:<\/span><br \/>\n1. Otvorite vre\u0107icu i izvadite proizvod. 2. Odstranite crvenu traku sa stra\u017enje strane proizvoda i postavite klopku (npr. u ormar gdje se nalazi hrana). 3. Odlijepite za\u0161titnu foliju s prednje strane kako biste aktivirali proizvod. Koristitie najmanje 1 Klopku za svaki ormar. U ve\u0107e ormare ili smo\u010dnice postavite dva komada. Zamijenite Klopku kada se napuni moljcima ili nakon 8 tjedana. Kada se jednom moljci uhvate za klopku, uklonite sve namirnice iz ormara ibacite ih. Prazne ormare o\u010distite deterd\u017eentom i vodom. Novu hranu unesite u ormare tek 3 dana od kako moljaca nema na klopci.<\/p>\n","protected":false},"excerpt":{"rendered":"<p>Protiv kuhinjskih moljaca<br \/>\nNe sadr\u017ei insekticid<br \/>\nDjeluje do 8 tjedana<\/p>\n","protected":false},"featured_media":46646,"template":"","meta":{"_seopress_robots_primary_cat":"","_seopress_titles_title":"","_seopress_titles_desc":"","_seopress_robots_index":"","iawp_total_views":0},"product_brand":[919],"product_cat":[274,238],"product_tag":[],"class_list":{"0":"post-46645","1":"product","2":"type-product","3":"status-publish","4":"has-post-thumbnail","6":"product_brand-baygon","7":"product_cat-kucanski-pribor-238","8":"product_cat-sve-za-dom","10":"first","11":"instock","12":"shipping-taxable","13":"purchasable","14":"product-type-simple"},"_links":{"self":[{"href":"https:\/\/singuli.wpress.me\/index.php\/wp-json\/wp\/v2\/product\/46645","targetHints":{"allow":["GET"]}}],"collection":[{"href":"https:\/\/singuli.wpress.me\/index.php\/wp-json\/wp\/v2\/product"}],"about":[{"href":"https:\/\/singuli.wpress.me\/index.php\/wp-json\/wp\/v2\/types\/product"}],"version-history":[{"count":0,"href":"https:\/\/singuli.wpress.me\/index.php\/wp-json\/wp\/v2\/product\/46645\/revisions"}],"wp:featuredmedia":[{"embeddable":true,"href":"https:\/\/singuli.wpress.me\/index.php\/wp-json\/wp\/v2\/media\/46646"}],"wp:attachment":[{"href":"https:\/\/singuli.wpress.me\/index.php\/wp-json\/wp\/v2\/media?parent=46645"}],"wp:term":[{"taxonomy":"product_brand","embeddable":true,"href":"https:\/\/singuli.wpress.me\/index.php\/wp-json\/wp\/v2\/product_brand?post=46645"},{"taxonomy":"product_cat","embeddable":true,"href":"https:\/\/singuli.wpress.me\/index.php\/wp-json\/wp\/v2\/product_cat?post=46645"},{"taxonomy":"product_tag","embeddable":true,"href":"https:\/\/singuli.wpress.me\/index.php\/wp-json\/wp\/v2\/product_tag?post=46645"}],"curies":[{"name":"wp","href":"https:\/\/api.w.org\/{rel}","templated":true}]}}