{"id":46768,"date":"2026-04-21T00:35:31","date_gmt":"2026-04-21T00:35:31","guid":{"rendered":"https:\/\/singuli.wpress.me\/index.php\/proizvod\/old-spice-captain-wooden-barrel-poklon-paket\/"},"modified":"2026-04-21T00:35:31","modified_gmt":"2026-04-21T00:35:31","slug":"old-spice-captain-wooden-barrel-poklon-paket","status":"publish","type":"product","link":"https:\/\/singuli.wpress.me\/index.php\/proizvod\/old-spice-captain-wooden-barrel-poklon-paket\/","title":{"rendered":"OLD SPICE Captain Wooden Barrel, poklon paket"},"content":{"rendered":"<p>Tra\u017eite li savr\u0161en poklon za njega, darovni kompleti Old Spice pravo su rje\u0161enje. Darovni kompleti Old Spice za mu\u0161karce najbolji su izbor kada \u017eelite zadiviti modernog mu\u0161karca jer je jednostavno nemogu\u0107e pogrije\u0161iti s neodoljivim mu\u017eevnim mirisima Old Spice. <span style=\"font-weight: bold\">Darovni komplet Old Spice Wooden Barrel za mu\u0161karce sadr\u017ei dezodorans u stiku Captain, gel za tu\u0161iranje Captain i losion za njegu nakon brijanja Captain<\/span>. Sve to dolazi u prepoznatljivoj drvenoj ba\u010dvici koja se mo\u017ee koristiti za spremanje stvari ili \u010duvanje piratskog blaga. Proizvodi u ovom darovnom kompletu za mu\u0161karce donose miris Captain s vodenim i citrusnim notama. Ovaj moderni miris za mu\u0161karce najbolje je ocijenjeni miris Old Spice (istra\u017eivanje mirisa najve\u0107ih konkurenata u kojem je sudjelovao 121 mu\u0161karac, a provedeno je 2021. u Ujedinjenom Kraljevstvu), pa s njime jednostavno ne mo\u017eete pogrije\u0161iti. Naposljetku, omot darovnog kompleta izra\u0111en je od 80% recikliranog papira i materijala iz odgovornih izvora s certifikatom FSC. Kako to da ovaj darovni komplet Old Spice za mu\u0161karce nije ve\u0107 u va\u0161oj ko\u0161arici? <\/p>\n","protected":false},"excerpt":{"rendered":"<p>Poklon paket sadr\u017ei dezodorans u stiku Captain, gel za tu\u0161iranje Captain i losion za njegu nakon brijanja Captain<br \/>\nOvaj darovni komplet za mu\u0161karce dostupan je u prepoznatljivoj drvenoj ba\u010dvici Old Spice za vi\u0161ekratnu upotrebu<br \/>\nModeran miris za mu\u0161karce s vodenim i citrusnim notama<\/p>\n","protected":false},"featured_media":46769,"template":"","meta":{"_seopress_robots_primary_cat":"","_seopress_titles_title":"","_seopress_titles_desc":"","_seopress_robots_index":"","iawp_total_views":0},"product_brand":[448],"product_cat":[261,277],"product_tag":[],"class_list":{"0":"post-46768","1":"product","2":"type-product","3":"status-publish","4":"has-post-thumbnail","6":"product_brand-old-spice","7":"product_cat-hrana-i-pice","8":"product_cat-slatkisi-i-grickalice-261","10":"first","11":"outofstock","12":"shipping-taxable","13":"purchasable","14":"product-type-simple"},"_links":{"self":[{"href":"https:\/\/singuli.wpress.me\/index.php\/wp-json\/wp\/v2\/product\/46768","targetHints":{"allow":["GET"]}}],"collection":[{"href":"https:\/\/singuli.wpress.me\/index.php\/wp-json\/wp\/v2\/product"}],"about":[{"href":"https:\/\/singuli.wpress.me\/index.php\/wp-json\/wp\/v2\/types\/product"}],"version-history":[{"count":0,"href":"https:\/\/singuli.wpress.me\/index.php\/wp-json\/wp\/v2\/product\/46768\/revisions"}],"wp:featuredmedia":[{"embeddable":true,"href":"https:\/\/singuli.wpress.me\/index.php\/wp-json\/wp\/v2\/media\/46769"}],"wp:attachment":[{"href":"https:\/\/singuli.wpress.me\/index.php\/wp-json\/wp\/v2\/media?parent=46768"}],"wp:term":[{"taxonomy":"product_brand","embeddable":true,"href":"https:\/\/singuli.wpress.me\/index.php\/wp-json\/wp\/v2\/product_brand?post=46768"},{"taxonomy":"product_cat","embeddable":true,"href":"https:\/\/singuli.wpress.me\/index.php\/wp-json\/wp\/v2\/product_cat?post=46768"},{"taxonomy":"product_tag","embeddable":true,"href":"https:\/\/singuli.wpress.me\/index.php\/wp-json\/wp\/v2\/product_tag?post=46768"}],"curies":[{"name":"wp","href":"https:\/\/api.w.org\/{rel}","templated":true}]}}