{"id":46823,"date":"2026-04-21T00:36:09","date_gmt":"2026-04-21T00:36:09","guid":{"rendered":"https:\/\/singuli.wpress.me\/index.php\/proizvod\/old-spice-the-whitewolf-poklon-paket\/"},"modified":"2026-04-21T00:36:09","modified_gmt":"2026-04-21T00:36:09","slug":"old-spice-the-whitewolf-poklon-paket","status":"publish","type":"product","link":"https:\/\/singuli.wpress.me\/index.php\/proizvod\/old-spice-the-whitewolf-poklon-paket\/","title":{"rendered":"OLD SPICE The Whitewolf, poklon paket"},"content":{"rendered":"<p>Davno, u vrijeme The Witchera, nije postojao Old Spice pa je svakoga pratio neugodan miris tijela.  Tko bi rekao da divlji miris The Whitewolf poma\u017ee u borbi protiv manje ugodnih i dru\u0161tveno neprihvatljivih tjelesnih mirisa? Predstavljamo Old Spice Whitewolf, ograni\u010deno izdanje rajskog i paklenog mirisa inspiriranog svijetom The Witchera. Old Spice The Whitewolf osvje\u017eavaju\u0107i je miris za mu\u0161karce ili no\u0107ne zvjerke koje se ne pla\u0161e svoje mu\u017eevnosti (ni gelova za tu\u0161iranje).<\/p>\n","protected":false},"excerpt":{"rendered":"<p>Rajski i pakleni miris inspiriran svijetom The Witchera<br \/>\nGel za tu\u0161iranje i \u0161ampon: Ima mo\u0107no djelovanje 3-u-1<br \/>\nDezodorans u stiku traje do 48 sati<\/p>\n","protected":false},"featured_media":46824,"template":"","meta":{"_seopress_robots_primary_cat":"","_seopress_titles_title":"","_seopress_titles_desc":"","_seopress_robots_index":"","iawp_total_views":0},"product_brand":[448],"product_cat":[261,277],"product_tag":[],"class_list":{"0":"post-46823","1":"product","2":"type-product","3":"status-publish","4":"has-post-thumbnail","6":"product_brand-old-spice","7":"product_cat-hrana-i-pice","8":"product_cat-slatkisi-i-grickalice-261","10":"first","11":"outofstock","12":"shipping-taxable","13":"purchasable","14":"product-type-simple"},"_links":{"self":[{"href":"https:\/\/singuli.wpress.me\/index.php\/wp-json\/wp\/v2\/product\/46823","targetHints":{"allow":["GET"]}}],"collection":[{"href":"https:\/\/singuli.wpress.me\/index.php\/wp-json\/wp\/v2\/product"}],"about":[{"href":"https:\/\/singuli.wpress.me\/index.php\/wp-json\/wp\/v2\/types\/product"}],"version-history":[{"count":0,"href":"https:\/\/singuli.wpress.me\/index.php\/wp-json\/wp\/v2\/product\/46823\/revisions"}],"wp:featuredmedia":[{"embeddable":true,"href":"https:\/\/singuli.wpress.me\/index.php\/wp-json\/wp\/v2\/media\/46824"}],"wp:attachment":[{"href":"https:\/\/singuli.wpress.me\/index.php\/wp-json\/wp\/v2\/media?parent=46823"}],"wp:term":[{"taxonomy":"product_brand","embeddable":true,"href":"https:\/\/singuli.wpress.me\/index.php\/wp-json\/wp\/v2\/product_brand?post=46823"},{"taxonomy":"product_cat","embeddable":true,"href":"https:\/\/singuli.wpress.me\/index.php\/wp-json\/wp\/v2\/product_cat?post=46823"},{"taxonomy":"product_tag","embeddable":true,"href":"https:\/\/singuli.wpress.me\/index.php\/wp-json\/wp\/v2\/product_tag?post=46823"}],"curies":[{"name":"wp","href":"https:\/\/api.w.org\/{rel}","templated":true}]}}