{"id":46875,"date":"2026-04-21T00:36:41","date_gmt":"2026-04-21T00:36:41","guid":{"rendered":"https:\/\/singuli.wpress.me\/index.php\/proizvod\/headshoulders-poklon-paket-s-gilette-soothing-gelom\/"},"modified":"2026-04-21T00:36:41","modified_gmt":"2026-04-21T00:36:41","slug":"headshoulders-poklon-paket-s-gilette-soothing-gelom","status":"publish","type":"product","link":"https:\/\/singuli.wpress.me\/index.php\/proizvod\/headshoulders-poklon-paket-s-gilette-soothing-gelom\/","title":{"rendered":"HEAD&amp;SHOULDERS, poklon paket, s Gilette Soothing Gelom"},"content":{"rendered":"<p>Tra\u017eite poklon za mu\u0161karca? Ovo je odli\u010dan izbor. U ovom ga kompletu \u010dekaju \u0161ampon protiv peruti Head &amp; Shoulders Deep Cleanse Oil Control s poja\u010danom formulom, koncentriranim hidratantnim sastojcima i morskim mineralima te umiruju\u0107i gel za brijanje Gillette Series Soothing, s aloa verom, koji hladi ko\u017eu i pru\u017ea potpunu za\u0161titu od iritacija uzrokovanih brijanjem: poma\u017ee sprije\u010diti posjekotine, \u017earenje, peckanje, crvenilo i zatezanje osjetljive ko\u017ee. Sve to zahvaljuju\u0107i formuli koja rashla\u0111uje i umiruje ko\u017eu tijekom brijanja.<\/p>\n","protected":false},"excerpt":{"rendered":"<p>Pru\u017ea efekt dubinskog \u010di\u0161\u0107enja kose i vlasi\u0161ta<br \/>\ngel za brijanje poma\u017ee za\u0161tititi osjetljivu ko\u017eu od iritacija uzrokovanih brijanjem<br \/>\nOlak\u0161ava klizanje brija\u010da i \u0161titi ko\u017eu<\/p>\n","protected":false},"featured_media":46876,"template":"","meta":{"_seopress_robots_primary_cat":"","_seopress_titles_title":"","_seopress_titles_desc":"","_seopress_robots_index":"","iawp_total_views":0},"product_brand":[443],"product_cat":[261,277],"product_tag":[],"class_list":{"0":"post-46875","1":"product","2":"type-product","3":"status-publish","4":"has-post-thumbnail","6":"product_brand-headshoulders","7":"product_cat-hrana-i-pice","8":"product_cat-slatkisi-i-grickalice-261","10":"first","11":"outofstock","12":"shipping-taxable","13":"purchasable","14":"product-type-simple"},"_links":{"self":[{"href":"https:\/\/singuli.wpress.me\/index.php\/wp-json\/wp\/v2\/product\/46875","targetHints":{"allow":["GET"]}}],"collection":[{"href":"https:\/\/singuli.wpress.me\/index.php\/wp-json\/wp\/v2\/product"}],"about":[{"href":"https:\/\/singuli.wpress.me\/index.php\/wp-json\/wp\/v2\/types\/product"}],"version-history":[{"count":0,"href":"https:\/\/singuli.wpress.me\/index.php\/wp-json\/wp\/v2\/product\/46875\/revisions"}],"wp:featuredmedia":[{"embeddable":true,"href":"https:\/\/singuli.wpress.me\/index.php\/wp-json\/wp\/v2\/media\/46876"}],"wp:attachment":[{"href":"https:\/\/singuli.wpress.me\/index.php\/wp-json\/wp\/v2\/media?parent=46875"}],"wp:term":[{"taxonomy":"product_brand","embeddable":true,"href":"https:\/\/singuli.wpress.me\/index.php\/wp-json\/wp\/v2\/product_brand?post=46875"},{"taxonomy":"product_cat","embeddable":true,"href":"https:\/\/singuli.wpress.me\/index.php\/wp-json\/wp\/v2\/product_cat?post=46875"},{"taxonomy":"product_tag","embeddable":true,"href":"https:\/\/singuli.wpress.me\/index.php\/wp-json\/wp\/v2\/product_tag?post=46875"}],"curies":[{"name":"wp","href":"https:\/\/api.w.org\/{rel}","templated":true}]}}