{"id":46878,"date":"2026-04-21T00:36:42","date_gmt":"2026-04-21T00:36:42","guid":{"rendered":"https:\/\/singuli.wpress.me\/index.php\/proizvod\/pantene-infinite-box-poklon-paket\/"},"modified":"2026-04-23T00:28:11","modified_gmt":"2026-04-23T00:28:11","slug":"pantene-infinite-box-poklon-paket","status":"publish","type":"product","link":"https:\/\/singuli.wpress.me\/proizvod\/pantene-infinite-box-poklon-paket\/","title":{"rendered":"PANTENE Infinite Box, poklon paket"},"content":{"rendered":"<p>U luksuznoj darovnoj kutiji Pantene do vrha punoj proizvoda iz linije Infinite Lengths prona\u0107i \u0107ete sve \u0161to trebate za ja\u010danje srednje duge do duge kose kako bi ona izgledala \u0161to zdravije. \u0160ampon Pantene Pro-V Infinite Lengths za ja\u010danje kose njeguje i obnavlja o\u0161te\u0107enu kosu od korijena do vrhova te spre\u010dava pojavu ispucalih vrhova. Serum bez ispiranja Pantene Pro-V Infinite Lengths Strength osmi\u0161ljen je za suhu, o\u0161te\u0107enu kosu koju poma\u017ee oja\u010dati i \u010dini je vidno zdravijom ve\u0107 od prve uporabe. Sprej bez ispiranja Pantene Pro-V SOS Volume odmah \u010dini kosu punijom i poma\u017ee vratiti osje\u0107aj svje\u017ee oblikovane kose.<\/p>\n","protected":false},"excerpt":{"rendered":"<p>Hrani srednje dugu do dugu o\u0161te\u0107enu kosu i poma\u017ee je oja\u010dati<br \/>\nProizvod je za ja\u010danje duge suhe i o\u0161te\u0107ene kose<br \/>\nTretman za kosu bogat nutrijentima obnavlja i ja\u010da o\u0161te\u0107enu kosu cijelom du\u017einom, do vrhova<\/p>\n","protected":false},"featured_media":46879,"template":"","meta":{"_seopress_robots_primary_cat":"","_seopress_titles_title":"","_seopress_titles_desc":"","_seopress_robots_index":"","iawp_total_views":0},"product_brand":[411],"product_cat":[261,277],"product_tag":[],"class_list":{"0":"post-46878","1":"product","2":"type-product","3":"status-publish","4":"has-post-thumbnail","6":"product_brand-pantene","7":"product_cat-hrana-i-pice","8":"product_cat-slatkisi-i-grickalice-261","10":"first","11":"outofstock","12":"shipping-taxable","13":"purchasable","14":"product-type-simple"},"_links":{"self":[{"href":"https:\/\/singuli.wpress.me\/wp-json\/wp\/v2\/product\/46878","targetHints":{"allow":["GET"]}}],"collection":[{"href":"https:\/\/singuli.wpress.me\/wp-json\/wp\/v2\/product"}],"about":[{"href":"https:\/\/singuli.wpress.me\/wp-json\/wp\/v2\/types\/product"}],"version-history":[{"count":0,"href":"https:\/\/singuli.wpress.me\/wp-json\/wp\/v2\/product\/46878\/revisions"}],"wp:featuredmedia":[{"embeddable":true,"href":"https:\/\/singuli.wpress.me\/wp-json\/wp\/v2\/media\/46879"}],"wp:attachment":[{"href":"https:\/\/singuli.wpress.me\/wp-json\/wp\/v2\/media?parent=46878"}],"wp:term":[{"taxonomy":"product_brand","embeddable":true,"href":"https:\/\/singuli.wpress.me\/wp-json\/wp\/v2\/product_brand?post=46878"},{"taxonomy":"product_cat","embeddable":true,"href":"https:\/\/singuli.wpress.me\/wp-json\/wp\/v2\/product_cat?post=46878"},{"taxonomy":"product_tag","embeddable":true,"href":"https:\/\/singuli.wpress.me\/wp-json\/wp\/v2\/product_tag?post=46878"}],"curies":[{"name":"wp","href":"https:\/\/api.w.org\/{rel}","templated":true}]}}