{"id":46931,"date":"2026-04-21T00:37:06","date_gmt":"2026-04-21T00:37:06","guid":{"rendered":"https:\/\/singuli.wpress.me\/index.php\/proizvod\/aqua-optima-evolve-eps-322-filter-za-vodu-3-kom\/"},"modified":"2026-04-21T00:37:06","modified_gmt":"2026-04-21T00:37:06","slug":"aqua-optima-evolve-eps-322-filter-za-vodu-3-kom","status":"publish","type":"product","link":"https:\/\/singuli.wpress.me\/index.php\/proizvod\/aqua-optima-evolve-eps-322-filter-za-vodu-3-kom\/","title":{"rendered":"AQUA OPTIMA Evolve EPS 322, filter za vodu, 3\u00a0kom"},"content":{"rendered":"<p><span style=\"font-weight: bold\">Filtar za vodu Evolve+<\/span> uklju\u010duje jedinstveni patentirani sustav filtracije s brzim protokom u 5 koraka koji uklanja visoke razine ne\u010disto\u0107a i mikroplastike iz vode iz slavine. Evolve filter brzog protoka daje \u010di\u0161\u0107u vodu.<br \/>\n\u2022\tSustav filtriranja s brzim protokom u 5 koraka<br \/>\n\u2022\tFilter finih \u010destica uklanja velike \u010destice, talog i hr\u0111u<br \/>\n\u2022\tAktivni ugljen adsorbira klor i filtrira organske ne\u010disto\u0107e, uklju\u010duju\u0107i huminske kiseline, pesticide i herbicide<br \/>\n\u2022\tPosebna smola za izmjenu iona poma\u017ee u sprje\u010davanju nakupljanja kamenca i reducira te\u0161ke metale<br \/>\n\u2022\tFina mre\u017eica filtrira sitne \u010destice.<br \/>\n\u2022\tOblik i struktura Evolvea osigurava konstantan brzi protok tijekom cijelog vijeka trajanja  proizvoda<\/p>\n<p>Uz iznimku Brita* PerfectFit vr\u010da kupljenih nakon lipnja 2020. \u2013 ovaj je filtar kompatibilan s Aqua Optima, Brita Maxtra*, Brita* Maxtra+*, Tesco\u2020, Wilko** i svim ovalnim filtarskim vr\u010devima za vodu i rashladnim ure\u0111ajima za filtriranu vodu<\/p>\n","protected":false},"excerpt":{"rendered":"<p>Sustav filtriranja s brzim protokom u 5 koraka<br \/>\nFilter finih \u010destica uklanja velike \u010destice, talog i hr\u0111u<br \/>\nAktivni ugljen adsorbira klor i filtrira organske ne\u010disto\u0107e<\/p>\n","protected":false},"featured_media":46932,"template":"","meta":{"_seopress_robots_primary_cat":"","_seopress_titles_title":"","_seopress_titles_desc":"","_seopress_robots_index":"","iawp_total_views":0},"product_brand":[920],"product_cat":[274,238],"product_tag":[],"class_list":{"0":"post-46931","1":"product","2":"type-product","3":"status-publish","4":"has-post-thumbnail","6":"product_brand-aqua-optima","7":"product_cat-kucanski-pribor-238","8":"product_cat-sve-za-dom","10":"first","11":"instock","12":"shipping-taxable","13":"purchasable","14":"product-type-simple"},"_links":{"self":[{"href":"https:\/\/singuli.wpress.me\/index.php\/wp-json\/wp\/v2\/product\/46931","targetHints":{"allow":["GET"]}}],"collection":[{"href":"https:\/\/singuli.wpress.me\/index.php\/wp-json\/wp\/v2\/product"}],"about":[{"href":"https:\/\/singuli.wpress.me\/index.php\/wp-json\/wp\/v2\/types\/product"}],"version-history":[{"count":0,"href":"https:\/\/singuli.wpress.me\/index.php\/wp-json\/wp\/v2\/product\/46931\/revisions"}],"wp:featuredmedia":[{"embeddable":true,"href":"https:\/\/singuli.wpress.me\/index.php\/wp-json\/wp\/v2\/media\/46932"}],"wp:attachment":[{"href":"https:\/\/singuli.wpress.me\/index.php\/wp-json\/wp\/v2\/media?parent=46931"}],"wp:term":[{"taxonomy":"product_brand","embeddable":true,"href":"https:\/\/singuli.wpress.me\/index.php\/wp-json\/wp\/v2\/product_brand?post=46931"},{"taxonomy":"product_cat","embeddable":true,"href":"https:\/\/singuli.wpress.me\/index.php\/wp-json\/wp\/v2\/product_cat?post=46931"},{"taxonomy":"product_tag","embeddable":true,"href":"https:\/\/singuli.wpress.me\/index.php\/wp-json\/wp\/v2\/product_tag?post=46931"}],"curies":[{"name":"wp","href":"https:\/\/api.w.org\/{rel}","templated":true}]}}